r(l) = -64*l**2 - 2177*l. What is r(-34)?
34
Let p(c) = 6*c + 1301. Determine p(53).
1619
Let i(a) = -142*a - 739. Determine i(-5).
-29
Let r(i) = 207*i - 5. What is r(-1)?
-212
Let o(a) = -9*a + 8. Calculate o(14).
-118
Let m(f) = -11*f**2 - 96*f + 3. What is m(-5)?
208
Let q(v) = -4*v - 25. Give q(-5).
-5
Let m(o) = 20*o**2 - 8*o - 28. What is m(2)?
36
Let q(v) = v**3 + 6*v**2 + 3*v + 25. What is q(-6)?
7
Let c(x) = -2*x**3 - 29*x**2 - 26*x - 34. Give c(-15).
581
Let p(w) = -10*w - 1. Calculate p(-1).
9
Let d(h) = -12*h**2 - 182*h + 354. Calculate d(-17).
-20
Let y(r) = -7*r**2 - 138*r - 155. What is y(-19)?
-60
Let u(y) = -y**2 + 7*y + 62. Calculate u(-6).
-16
Let q(c) = 4*c**2 - 139*c - 27. Determine q(35).
8
Let a(t) = t**2 - 33*t - 4507. What is a(87)?
191
Let h(r) = r**3 - 15*r**2 - 12*r - 28. Calculate h(16).
36
Let l(g) = -g**3 - 43*g**2 - 136*g + 58. Calculate l(-40).
698
Let p(a) = -18*a + 31. Determine p(7).
-95
Let x(l) = -88*l + 1018. What is x(11)?
50
Let q(m) = 25*m**2 - 88*m - 73. Calculate q(4).
-25
Let n(g) = 3*g**2 + 11*g + 3. What is n(-3)?
-3
Let a(l) = -l**3 + 2*l**2 - 10*l + 7. Calculate a(3).
-32
Let a(t) = -2*t**2 + 28*t. Calculate a(12).
48
Let d(k) = -k**3 + 8*k**2 + 8*k + 40. Calculate d(9).
31
Let y(s) = -13*s**2 - s + 2. Give y(-1).
-10
Let z(m) = -m**3 + 37*m**2 - 70*m - 71. Determine z(35).
-71
Let f(i) = i**3 - 120*i**2 - 23*i + 2765. Determine f(120).
5
Let l(d) = 466*d + 1395. Give l(-3).
-3
Let l(p) = p**3 + 89*p**2 + 1379*p - 7. Determine l(-20).
13
Let i(x) = x**2 - 9*x + 13. Determine i(11).
35
Let d(o) = -2*o**3 - 10*o**2 + 16*o - 76. What is d(-7)?
8
Let f(n) = n**2 + 82*n + 305. What is f(-4)?
-7
Let h(s) = 593*s**3 - 2*s**2 - 5*s + 6. What is h(1)?
592
Let z(w) = w**3 - 16*w**2 + 40*w - 174. Determine z(15).
201
Let r(j) = -18*j - 235. Give r(-11).
-37
Let s(y) = -39*y - 140. Calculate s(-2).
-62
Let d(l) = 2*l**3 - 22*l**2 + 10*l - 404. Determine d(12).
4
Let p(k) = -k**2 + 42*k + 178. Give p(0).
178
Let m(z) = 24*z**3 - 9*z**2 + 18*z + 8. What is m(2)?
200
Let q(z) = -264*z - 10290. Determine q(-39).
6
Let q(s) = -142*s - 39210. Give q(-276).
-18
Let d(l) = -2*l**3 - 39*l**2 - 312*l - 2202. Calculate d(-14).
10
Let x(c) = c**3 - 33*c**2 + 153*c - 1077. Determine x(29).
-4
Let g(z) = z**3 - 97*z**2 + 1145*z - 4442. Give g(84).
10
Let z(y) = 23*y + 57. Give z(-20).
-403
Let p(r) = 2628*r + 320609. What is p(-122)?
-7
Let f(r) = 2*r**2 + 38*r + 169. Give f(-15).
49
Let h(l) = 60*l + 7076. What is h(-118)?
-4
Let c(z) = 49*z + 6715. Give c(-138).
-47
Let k(x) = -2*x**2 + 140*x + 598. Calculate k(74).
6
Let d(b) = -b**3 + 15*b**2 + 10*b + 61. Calculate d(16).
-35
Let o(y) = 17*y - 304. Calculate o(21).
53
Let p(j) = 16*j - 81. Give p(3).
-33
Let a(x) = 7*x**2 + 22*x - 55. Give a(4).
145
Let b(i) = i**3 - 33*i**2 - 142*i - 221. What is b(37)?
1
Let i(d) = -d**3 - 33*d**2 + 42*d + 262. Determine i(-34).
-10
Let w(p) = 22*p + 1703. Determine w(-77).
9
Let w(b) = 352*b + 1655. What is w(-6)?
-457
Let r(z) = -2*z**2 + 44*z - 99. What is r(19)?
15
Let t(m) = -29*m**2 + m + 2. Calculate t(1).
-26
Let o(n) = -n**3 + 27*n**2 - 157*n + 45. Give o(19).
-50
Let i(p) = -43*p + 1. Calculate i(1).
-42
Let x(p) = 38*p - 2144. What is x(60)?
136
Let w(i) = 2*i**2 - 1183*i - 9607. What is w(-8)?
-15
Let b(m) = 2*m**2 + 23*m + 68. Determine b(-3).
17
Let t(q) = -31*q**3 - 3*q**2 + 9*q + 11. What is t(-1)?
30
Let c(i) = -2*i - 421. Determine c(-9).
-403
Let k(w) = -w**2 - 63*w + 170. What is k(3)?
-28
Let k(f) = f + 8. Determine k(4).
12
Let i(t) = -50*t + 11. What is i(7)?
-339
Let y(u) = -3939*u - 47257. Calculate y(-12).
11
Let b(t) = -2*t**2 + 74*t - 501. What is b(9)?
3
Let w(k) = -k**2 - 43*k + 287. Determine w(-48).
47
Let x(y) = -699*y + 34250. Give x(49).
-1
Let y(z) = -83*z - 163. What is y(-2)?
3
Let t(s) = -9*s**2 - 2*s - 46. Determine t(8).
-638
Let x(p) = 17*p**2 + 787*p + 55. Calculate x(-46).
-175
Let k(h) = -8*h + 47. Determine k(9).
-25
Let h(u) = u**3 + 14*u**2 - 16*u + 46. What is h(-16)?
-210
Let q(o) = 3068*o - 39872. Calculate q(13).
12
Let n(t) = 8*t + 148. Determine n(-20).
-12
Let v(x) = x**3 - 41*x**2 + 409*x - 12. Give v(24).
12
Let w(b) = -b**3 - 80*b**2 + 3441*b - 2. Calculate w(-111).
-2
Let l(s) = -632*s**2 - 10745*s - 38. What is l(-17)?
-21
Let h(m) = 19*m**2 - 134*m - 5. Give h(7).
-12
Let l(k) = -6869*k - 82440. Determine l(-12).
-12
Let g(m) = m**3 - 56*m**2 - 121*m + 287. Give g(58).
-3
Let y(t) = 246*t + 3092. Calculate y(-9).
878
Let n(w) = -239*w - 720. Determine n(-3).
-3
Let d(z) = -1248*z + 5013. Calculate d(4).
21
Let q(s) = -86*s + 873. Calculate q(10).
13
Let y(x) = 7*x**3 + 2*x**2 + 19*x - 21. Calculate y(1).
7
Let q(m) = -m**2 + 20*m - 63. Determine q(17).
-12
Let t(u) = -4*u**2 - 72*u + 61. What is t(-18)?
61
Let z(w) = w**2 - 348*w - 284. Give z(0).
-284
Let j(i) = -738*i - 8920. Give j(-12).
-64
Let d(y) = -3*y**2 - 202*y - 477. Give d(-65).
-22
Let m(n) = -n**3 + 3*n**2 + 3*n + 147. Calculate m(7).
-28
Let z(f) = 18*f**2 + 36*f + 67. What is z(-2)?
67
Let a(f) = -156*f + 862. Calculate a(8).
-386
Let k(x) = 6*x**2 - 93*x + 289. Determine k(11).
-8
Let x(k) = -3*k**3 + 19*k**2 - 30*k - 1. Give x(4).
-9
Let b(c) = -110*c - 48. Determine b(-1).
62
Let s(j) = -5*j**3 + 5*j**2 + 14*j + 13. Calculate s(-2).
45
Let w(s) = -s**3 - 23*s**2 - 77*s + 20. Determine w(-18).
-214
Let t(m) = 11*m**2 + 62*m + 15. Give t(-5).
-20
Let w(y) = y**2 + 810*y + 9415. Give w(-12).
-161
Let g(c) = -48*c + 5056. Give g(105).
16
Let b(l) = l**2 + 145*l + 1384. What is b(-10)?
34
Let y(f) = 23*f**2 - 425*f - 1695. What is y(-4)?
373
Let s(c) = c**2 + 70*c + 551. Calculate s(-67).
350
Let l(a) = -12*a - 484. Give l(-41).
8
Let r(m) = m**3 + 89*m**2 - 278*m - 134. What is r(-92)?
50
Let o(u) = -u**3 + 6*u**2 + 26*u - 141. Calculate o(7).
-8
Let s(o) = -o**3 - 2*o**2 - 22*o - 56. Calculate s(-3).
19
Let i(w) = 3*w**2 - 333*w - 2. What is i(111)?
-2
Let w(c) = -7*c - 359. Determine w(32).
-583
Let y(h) = -16574*h - 116015. Give y(-7).
3
Let z(v) = -3*v**3 + 32*v**2 + 9*v + 33. What is z(11)?
11
Let p(h) = -h**3 + 20*h**2 + 3*h - 56. Calculate p(20).
4
Let f(h) = -2*h**2 - 70*h + 1136. What is f(-47)?
8
Let v(z) = -8*z - 535. Calculate v(-40).
-215
Let z(s) = -s**2 + 11*s + 225. Determine z(21).
15
Let s(z) = 32*z**2 + 574*z - 37. Give s(-18).
-1
Let b(d) = d**3 + 14*d**2 - 36*d - 10. What is b(-16)?
54
Let d(c) = c**3 + 72*c**2 + 45*c - 1847. Determine d(-71).
-1
Let l(z) = 2*z**3 - 11*z**2 - 25. Give l(6).
11
Let l(p) = -5*p**3 + 4*p**2 - 13*p - 4. Determine l(3).
-142
Let a(v) = 43*v - 91. Calculate a(9).
296
Let i(q) = -115*q + 7133. Calculate i(62).
3
Let g(j) = -j**2 - 140*j + 7854. Determine g(-183).
-15
Let b(u) = 30*u**2 - 67*u - 25. Give b(3).
44
Let i(l) = -l**2 - 435*l - 11392. Determine i(-28).
4
Let n(s) = 11*s**3 - 28*s**2 + 55*s - 8. Determine n(2).
78
Let f(c) = -7*c**2 + 73*c - 32. Give f(10).
-2
Let q(m) = 10*m**2 - 43*m + 105. What is q(3)?
66
Let y(a) = -55*a + 240. Calculate y(4).
20
Let k(f) = -2*f**2 - 39*f + 36. Calculate k(-15).
171
Let r(s) = 61*s**2 - 535*s - 127. Give r(9).
-1
Let l(p) = -p**3 + 44*p**2 + 13*p - 560. Give l(44).
12
Let n(s) = -s**3 + 4*s**2 + 21*s - 128. Determine n(5).
-48
Let o(i) = i**2 + 5*i + 19. Calculate o(-9).
55
Let c(j) = j**3 - 15*j**2 - 201*j + 2952. What is c(13)?
1
Let r(s) = -1635*s + 39245. Give r(24).
5
Let l(t) = -545*t + 7591. What is l(14)?
-39
Let n(f) = f**3 + 26*f - 1. What is n(5)?
254
Let p(g) = g**3 - 15*g**2 + 41*g - 60. Determine p(10).
-150
Let i(b) = -b**3 - 7*b**2 - 5*b - 5. Give i(-6).
-11
Let h(o) = -169*o**2 - 15041*o + 48. What is h(-89)?
48
Let c(m) = 8*m + 31. What is c(18)?
175
Let v(q) = -q**2 + 72*q - 341. Determine v(67).
-6
Let m(u) = -7*u**3 - 6*u + 5. Calculate m(-3).
212
Let k(j) = j**2 - 106*j - 651. Calculate k(112).
21
Let g(l) = 6*l + 25. Calculate g(-55).
-305
Let y(r) = -r**3 + 12*r**2 + 27*r - 512. Determine y(8).
-40
Let s(o) = 16*o**2 + 126*o - 6. Determine s(-8).
10
Let h(i) = -2*i**3 - 4*i**2 + 14*i + 14. Calculate h(5).
-266
Let p(j) = -19*j - 1809. Give p(-95).
-4
Let v(f) = -f**3 + 48*f**2 - 559*f - 172. Give v(21).
-4
Let w(z) = z**2 + 39*z - 233. Calculate w(5).
-13
Let y(z) = -9*z - 5. Calcul